*i**3 + 3*i**2 + 32*i - 200. What are the prime factors of b(9)?
2, 83, 103
Let t = -7 + 0. Let f = 5 + t. List the prime factors of ((-94)/f)/(-1 - 2)*-9.
3, 47
Let h = 54 - 26. Suppose 5*g - g - h = -4*z, -2*z = 4*g - 20. Suppose -5*d + 5*r + 105 = 0, 4*d = 2*d + z*r + 44. List the prime factors of d.
2, 5
Suppose -15*i + 19*i + 372 = 0. Let q = i - -95. Suppose -d + 15 = q*d. List the prime factors of d.
5
Suppose 52 = 15*j - 14*j. What are the prime factors of (j/4 + -9)*(-31)/(-2)?
2, 31
Let c(y) = -2*y**3 - 17*y**2 + 15*y + 460. List the prime factors of c(-18).
2, 19, 167
Let g = -48 + 67. Let s(z) be the second derivative of z**4/12 - 3*z**3 + 41*z**2/2 + 9*z - 7. List the prime factors of s(g).
2, 3, 5
Suppose 4*o - 3*o - 4 = 0. Suppose -4*s + o = -3*s. Let n(f) = f**2 + f - 4. What are the prime factors of n(s)?
2
Let l = -3581 - -3584. Suppose -n = -2*c + 296, c - 3*n = 2*c - 162. Suppose -l*g = -8*g + c. What are the prime factors of g?
2, 3, 5
Let s = -22 + 8. List the prime factors of (-18 - s)*(-149)/1*1.
2, 149
Let h(s) = -7*s**2 + 527*s - 11. List the prime factors of h(67).
5, 31
Let m(c) = -625*c**3 + 13*c**2 + 41*c + 21. What are the prime factors of m(-3)?
2, 3, 5, 563
Suppose 2826 + 7748 = 17*p. Let h = 1009 - p. List the prime factors of h.
3, 43
Suppose -46*w + 1663 = -20647. Let h = 4 + -7. What are the prime factors of h*w/(-30)*2?
97
List the prime factors of 328/((-21)/7 + 1)*-2.
2, 41
Suppose 0 = -s + 6*s - w - 25245, -3*s + 15119 = 5*w. What are the prime factors of s?
2, 631
Suppose -3*x = -2*s - 2*x + 12, s - 3*x - 16 = 0. Suppose -4*p = q - 301 + 54, 1048 = s*q - 4*p. List the prime factors of q.
7, 37
Let h = 9390 + -5364. List the prime factors of h.
2, 3, 11, 61
Suppose -3*f - 32 = -b, -2*b = 7*f - 10*f - 49. List the prime factors of 3/(-5) + b/((-680)/(-11824)).
5, 59
Let d(x) = 520 - 4*x - 520. What are the prime factors of d(-6)?
2, 3
Suppose -2*a - z = 1011, -3*a + 9*z - 8*z = 1504. Let s = a + 1098. What are the prime factors of s?
5, 7, 17
Suppose -4*d = 8, 2*n - d = 9188 + 598. List the prime factors of n.
2, 1223
Suppose 0 = o - 3*t, -5*t = -o - 4*t. Suppose 3*f + 2*f - p - 789 = o, 5*f + 3*p - 773 = 0. Let k = f + 5. List the prime factors of k.
2, 3
Let m be ((-2)/4)/((-2)/268). Let s(y) = -y + 187. Let z be s(14). Let x = z - m. What are the prime factors of x?
2, 53
Suppose 2*g + t = 5*t - 2586, 6517 = -5*g - 3*t. Let s = g + 1843. What are the prime factors of s?
2, 271
Suppose -25*g + 2*g + 115 = 0. Suppose 2*m - o - 923 = 37, -m = g*o - 458. List the prime factors of m.
2, 239
What are the prime factors of ((-2)/(-42)*29322)/((-2)/(-14))?
2, 3, 181
Let q be 1 - ((-4)/(-16))/((-3)/12). Let c(f) = -f**q + 17*f - f**3 + 124 - 2*f**2 - 110. List the prime factors of c(-6).
2, 5
Suppose 1656787 = 123*z - 444668. What are the prime factors of z?
3, 5, 17, 67
Suppose -5*r + z = -2*z + 9, -5 = -r + 4*z. What are the prime factors of (-2)/2 - r - (-756 + 2)?
2, 3, 7
Let m be (1 - 8/(-4)) + 5*-17. What are the prime factors of (-19885)/m - (-3)/2?
2, 61
Suppose -2*z = -5 + 1. Suppose -q + 5*i + 1590 = 4*q, -5*q = -z*i - 1575. List the prime factors of q.
313
List the prime factors of (17/34*46)/(6/6378).
23, 1063
Suppose 4*x + 5*j - 246357 = 0, 512*x = 513*x - j - 61569. What are the prime factors of x?
2, 3, 11, 311
Let g = -10916 - -19500. What are the prime factors of g?
2, 29, 37
Let l be (12/15)/((-2)/(-5)). Suppose -4*f + b = -12, f + 10*b - 8*b = 3. Suppose 4*z - 4*p - 128 = 0, -l*z + f*z = 2*p + 33. What are the prime factors of z?
31
Let f be (-9)/((-9)/(-44))*-9. Let g = f + -160. Suppose -3*y - 65 = -g. List the prime factors of y.
3, 19
Let m(t) = 27*t**2 - 231*t - 135. List the prime factors of m(-30).
3, 5, 691
Let l = 53 - 94. Let a = l + 31. List the prime factors of 70/25*-1*a.
2, 7
Let i = 3909 - -481. What are the prime factors of i?
2, 5, 439
Let l be ((-4)/1)/(3/27). Let t = -36 - l. What are the prime factors of 0/4 + t + 55?
5, 11
Suppose 298*u + 9 = 301*u. Suppose -g + 1369 = -u*y, 3*g - 4*g + 1373 = y. List the prime factors of g.
2, 7
Let a(c) = 4*c**2 - 49*c - 20. Let k(m) = -m**2 + 12*m - 17. Let l be k(8). List the prime factors of a(l).
5, 29
Let j = 10053 + -9813. Let r(o) = -8*o**3 + o**2 + o + 1. Let p be r(-1). Suppose -j = 4*l - p*l. What are the prime factors of l?
2, 3
Let t(z) = -z**2 + 2*z + 5. Let x be t(0). Let a(j) = 7*j - 17. Let d(q) = 7*q - 16. Let c(p) = x*d(p) - 6*a(p). List the prime factors of c(-9).
5, 17
Suppose 4*t - 772 = -4*a, 2*a + 763 = 6*a + t. Let b(s) = 32*s + 388. Let v be b(-11). Let j = a - v. What are the prime factors of j?
2, 7, 11
Suppose -174046 = -8702*m + 8685*m. List the prime factors of m.
2, 5119
Let w be (15 - 9)/((-2)/171 - 0). Let n = 1061 - w. List the prime factors of n.
2, 787
Suppose 5*y - 260 = 2*i, 0 = y - 3*y + 4*i + 88. Suppose y = -7*p + 19. What are the prime factors of 4/(-1) - (-5)/(p/(-218))?
2, 107
Let l be (0/(-1))/(1 - 0). Suppose l*r + 6*r - 108 = 0. Let g = -16 + r. List the prime factors of g.
2
Let n be ((-4)/1)/(24/(-12)). Let s(y) = 4*y**3 - 2*y**3 - y + 30 - 4*y**3 + y**3 + n*y**2. What are the prime factors of s(0)?
2, 3, 5
Let t be (1 - 2)*(3 + -6). Suppose p - 713 = 4*o + 1009, o + 5199 = t*p. What are the prime factors of p?
2, 3, 17
Let z(f) = 51*f - 3. Let x be 4/16 + 67/4. Let q = x + -16. What are the prime factors of z(q)?
2, 3
List the prime factors of (41/8 + -5 - 17/8) + 22867.
5, 17, 269
Let h(t) = -20*t + 24. Let v be h(-7). Let q = 161 + v. List the prime factors of q.
5, 13
Suppose -579*m + 551*m = -470960. List the prime factors of m.
2, 5, 29
Let v(q) = 85 + 5*q**3 - 60 - 8*q - 8*q**2 - 2*q**3 - q**2. List the prime factors of v(5).
3, 5
Suppose -31*t + 259544 = -6*t + 27644. List the prime factors of t.
2, 3, 773
Let z(w) = 2213*w + 166. List the prime factors of z(6).
2, 3361
Let o be (5/(5/6))/((-162)/108). Let q be 1 + o + -5 - -5. Let h(f) = -68*f - 21. List the prime factors of h(q).
3, 61
Let q = -24154 + 36594. List the prime factors of q.
2, 5, 311
Let z be (4/(-6))/(6/(-63)). Let w(q) = -4*q + 1. Let x(h) = h - 2. Let s(b) = -w(b) + 2*x(b). List the prime factors of s(z).
37
Suppose 0 = -39*w + 42*w - 3435. Suppose w = 4*s + 301. What are the prime factors of s?
211
Let a be 4*1 + 50/(-10). Let f be 3*(1 + 0)*a. What are the prime factors of (-1 + -2)/(f/97)?
97
Suppose 4*y = t - 2643 - 3956, -5*t = 3*y - 33133. List the prime factors of t.
37, 179
Suppose 0 = -4*z - 4*z + 2*z. Suppose 6*i - 20 - 10 = z. Suppose x = -k - 3*x - 1, i*x = -5. List the prime factors of k.
3
Suppose -1890 - 686 = 23*y. Let w = y + 127. List the prime factors of w.
3, 5
Let s be (2 - (-6)/(-4))/(2/16). Suppose s*v = -38 + 2. What are the prime factors of (-2190)/v - 5/15?
3
Let k(p) = -3249*p - 634. What are the prime factors of k(-1)?
5, 523
Let n be 2/4*37 - 2/4. Let h(f) = 24 + n + 11 + f. List the prime factors of h(-13).
2, 5
Suppose 5*o = -5*v + 7320, 116 = 2*o + 4*v - 2810. Let l = -830 + o. What are the prime factors of l?
5, 127
Suppose -4*b + 10*b + 882 = 0. Let h(s) = 3*s**2 - 11*s + 5. Let i be h(3). List the prime factors of 2/4*2 + b/i.
2, 37
Suppose k - 1 = -3*o, -k - 1 = o + 8. List the prime factors of 428 + 84/24*(-24)/k.
2, 7, 31
Let y be 1*209 + (3 - 1) + -1. Suppose 2*h = -5*o - 140, 0 = 5*o + 5*h - 70 + y. Let p = 31 - o. What are the prime factors of p?
59
Let n(j) = 2*j**2 - j + 2. Let k be n(1). Let m(y) = -4*y - 19. Let u be m(k). Let s = 59 + u. List the prime factors of s.
2, 7
Let d = -12 - -17. Let f(z) = 55*z - 5. Let h(l) = 79*l - 5. Let a(k) = 3*f(k) - 2*h(k). What are the prime factors of a(d)?
2, 3, 5
Suppose -22*o + 28*o + 4518 = 0. Let x = o + 2376. List the prime factors of x.
3, 541
Suppose 5*i + 3*r - 26273 = 0, -i - r + 3585 = -1670. List the prime factors of i.
2, 37, 71
Let a(g) = 2*g**3 + 3*g**2 - 17*g + 31. Let i be a(2). Suppose -i*d + 14436 = -11789. What are the prime factors of d?
1049
List the prime factors of 22373/(-91)*-7 - 5/1.
2, 3, 11, 13
Let d(j) = -26*j - 192. Let s be d(-7). Let o = 53 + -38. List the prime factors of (-1734)/s + (-6)/o.
173
Let z be ((-1)/(-3))/(4/228). Let o be (54/(-8))/((-6)/72). Let v = z + o. List the prime factors 